+ -87?
-86
In base 5, what is -12 + -1121?
-1133
In base 10, what is -1165 + -1?
-1166
In base 12, what is 3 + -4?
-1
In base 11, what is 20 + 2?
22
In base 7, what is 2426 + 2?
2431
In base 2, what is -1011111 + -1000?
-1100111
In base 11, what is a59 + -5?
a54
In base 14, what is 147 - -3?
14a
In base 8, what is -26 + -1137?
-1165
In base 16, what is 5 + -50a?
-505
In base 15, what is 2 - 5d3?
-5d1
In base 15, what is 3 - -bb?
be
In base 11, what is -12 + 6?
-7
In base 2, what is 110 - 1100011?
-1011101
In base 2, what is -10101100 + 1110000?
-111100
In base 9, what is -120 - 2?
-122
In base 5, what is -144 - 34?
-233
In base 11, what is 0 + 2167?
2167
In base 12, what is 3 - 11?
-a
In base 3, what is 122010 + 2?
122012
In base 6, what is 2 - 1303?
-1301
In base 3, what is -10 + -122?
-202
In base 16, what is -610 + -5?
-615
In base 6, what is -2522 + -1?
-2523
In base 2, what is -11110111 + 101?
-11110010
In base 10, what is 0 + -102?
-102
In base 11, what is -1 + 16?
15
In base 3, what is 2110 - -111?
2221
In base 12, what is a3 - 6?
99
In base 12, what is 0 - -5?
5
In base 7, what is -2611 - 3?
-2614
In base 14, what is 0 - bb8?
-bb8
In base 14, what is 4 - -89b?
8a1
In base 6, what is -2 - 131?
-133
In base 14, what is 2502 - 3?
24dd
In base 2, what is 11110100100111 + 0?
11110100100111
In base 9, what is -4 - 53?
-57
In base 10, what is -149 + -2?
-151
In base 7, what is -3 - 113?
-116
In base 10, what is 48 - 6?
42
In base 7, what is 11 + 2343?
2354
In base 2, what is 110101110100010 - -101?
110101110100111
In base 11, what is -30a - 0?
-30a
In base 5, what is -4 - -2022?
2013
In base 6, what is 34 - 5?
25
In base 7, what is -16 + 34?
15
In base 7, what is -44 - -322?
245
In base 5, what is 340 + -1?
334
In base 8, what is 112 - -110?
222
In base 9, what is -427 - -11?
-416
In base 2, what is -1110011101 - -10?
-1110011011
In base 15, what is -1d - -3?
-1a
In base 12, what is -83 + -3?
-86
In base 6, what is 4250 - -1?
4251
In base 12, what is -52 - 18?
-6a
In base 11, what is -26 - 6?
-31
In base 2, what is 10 - 1010001100?
-1010001010
In base 14, what is 7 - 1d6?
-1cd
In base 7, what is -611 + -4?
-615
In base 9, what is -45 + -206?
-252
In base 10, what is -883 - 0?
-883
In base 14, what is -1c + 3?
-19
In base 9, what is 1560 - 1?
1558
In base 7, what is -3 - 46?
-52
In base 5, what is -204 - 43?
-302
In base 15, what is a - 12?
-7
In base 2, what is 110111 - -11000010?
11111001
In base 5, what is -2 + -111?
-113
In base 2, what is -1111 + -11001?
-101000
In base 16, what is -2 + 13?
11
In base 14, what is 645 + 4?
649
In base 4, what is 31021 + -12?
31003
In base 11, what is -167 + -3?
-16a
In base 6, what is 0 + -1515?
-1515
In base 4, what is -1132022 - 3?
-1132031
In base 2, what is 11100 + 11100?
111000
In base 12, what is -5 + 32?
29
In base 3, what is -211 - -11?
-200
In base 8, what is -4 + -577?
-603
In base 8, what is -31 + 4?
-25
In base 16, what is 7b7 + -2?
7b5
In base 10, what is -15 + -1265?
-1280
In base 10, what is 387 + 1?
388
In base 15, what is ac - 5?
a7
In base 6, what is -235 + -110?
-345
In base 5, what is -1 + -113414?
-113420
In base 5, what is -330 - -2?
-323
In base 8, what is 20 + -35?
-15
In base 13, what is 3 + 1ac3?
1ac6
In base 7, what is 3 - 1524?
-1521
In base 11, what is 5 + -330?
-326
In base 5, what is 330 + 0?
330
In base 6, what is -4 - -4010?
4002
In base 6, what is -40 + 1221?
1141
In base 6, what is -13244 + -1?
-13245
In base 14, what is -4b + -2b?
-78
In base 7, what is -31 - 33?
-64
In base 16, what is -b - -6?
-5
In base 15, what is -1 - -117?
116
In base 9, what is -185 + 1?
-184
In base 15, what is -7 - -c3?
bb
In base 14, what is -1 - -51?
50
In base 10, what is -49 - 2?
-51
In base 2, what is -1010000010000 + 10?
-1010000001110
In base 14, what is 3 - 21?
-1c
In base 7, what is 606 + -4?
602
In base 14, what is 1 - -a?
b
In base 10, what is -1920 + -1?
-1921
In base 7, what is 5431 - -1?
5432
In base 12, what is 0 - a7?
-a7
In base 2, what is -11100 - 1110011?
-10001111
In base 8, what is 2515 - 3?
2512
In base 14, what is -5 + -33?
-38
In base 3, what is -102 - 22022?
-22201
In base 4, what is -112 + 1012?
300
In base 5, what is -10023 + 2?
-10021
In base 12, what is 8 + -3a8?
-3a0
In base 6, what is 303 + -22?
241
In base 6, what is 1 - 22031?
-22030
In base 16, what is 4 + 60?
64
In base 8, what is 5 + 536?
543
In base 2, what is 100 - -1001?
1101
In base 16, what is -3 - 90b?
-90e
In base 15, what is 3 - 25?
-22
In base 6, what is 14 - -333?
351
In base 15, what is 23 - 3?
20
In base 14, what is 5 + -7?
-2
In base 11, what is 16 + -908?
-8a2
In base 3, what is 1011 + -110?
201
In base 15, what is 1 + 51?
52
In base 16, what is 46 - 5?
41
In base 10, what is -4 - 30?
-34
In base 8, what is 56 + -2?
54
In base 5, what is 3242 - -104?
3401
In base 12, what is 29 + 11?
3a
In base 12, what is 8 - 6?
2
In base 12, what is -2b - -2?
-29
In base 3, what is 20010 - -1?
20011
In base 10, what is -1 + -973?
-974
In base 9, what is 10 - 2?
7
In base 15, what is -8 - -7a?
72
In base 6, what is -11 - 52?
-103
In base 10, what is 10 - 43?
-33
In base 2, what is 101 + -1001010100001?
-1001010011100
In base 16, what is 16 + -ad?
-97
In base 6, what is 411 - 1?
410
In base 4, what is -2 + 111221?
111213
In base 9, what is 4 - -185?
200
In base 4, what is 1 - 32333?
-32332
In base 12, what is 360b7 - -1?
360b8
In base 8, what is 5 - -20?
25
In base 16, what is 1 + -1?
0
In base 13, what is 0 + 1002?
1002
In base 9, what is 0 + 8176?
8176
In base 8, what is 3 + 311?
314
In base 2, what is 101 + 10110?
11011
In base 11, what is -52 - -144?
a2
In base 5, what is -323 - 104?
-432
In base 13, what is -2 + -2?
-4
In base 11, what is -13 - 10a?
-122
In base 16, what is -2 + 43?
41
In base 13, what is -36 + -5?
-3b
In base 16, what is 4 + 5?
9
In base 9, what is -54 + 2?
-52
In base 7, what is 5 - 100?
-62
In base 13, what is 8 - 107?
-cc
In base 11, what is 99 - 75?
24
In base 10, what is 4 + -1614?
-1610
In base 14, what is 5 - 5?
0
In base 8, what is -6 + 1302?
1274
In base 12, what is -123b - 3?
-1242
In base 15, what is 8d - -5?
93
In base 11, what is -616 - 2?
-618
In base 9, what is 1574 + -2?
1572
In base 7, what is 436 + -24?
412
In base 4, what is 1 - 1102?
-1101
In base 4, what is -10 - 13132?
-13202
In base 6, what is 13530 + -5?
13521
In base 12, what is 169 - -4?
171
In base 2, what is -110100110110 + 100?
-110100110010
In base 2, what is -1010100 + -10?
-1010110
In base 7, what is 2303 + 5?
2311
In base 8, what is -4 + 334?
330
In base 11, what is 646 + 4?
64a
In base 4, what is 23 + -11?
12
In base 12, what is -15 - 113?
-128
In base 2, what is 0 - 1001010?
-1001010
In base 11, what is 82 + 4?
86
In base 8, what is -71 + -131?
-222
In base 5, what is 423 + -21?
402
In base 9, what is 17 - -28?
46
In base 13, what is -40 - -cc?
8c
In base 6, what is 14 + 12?
30
In base 6, what is 111 + 2?
113
In base 16, what is 1e - 7?
17
In base 3, what is 211220 - -11?
212001
In base 5, what is -1111 - -4?
-1102
In base 6, what is -4 + 202?
154
In base 6, what is -101 + 1?
-100
In base 11, what is 52 - -4?
56
In base 12, what is 4 - -619?
621
In base 15, what is -2 - -118?
116
In base 4, what is 3 + 110?
113
In base 7, what is 10 - 4?
3
In base 6, what is -2300 + -2?
-2302
In base 11, what is 1 - 52?
-51
In base 10, what is -411 - 85?
-496
In base 16, what is -2717 + -4?
-271b
In base 10, what is -5 - -18?
13
In base 12, what is -2 - -145?
143
In base 15, what is -2 - -5dc?
5da
In base 14, what is -1a + 33?
17
In base 8, what is -330 + 3?
-325
In base 10, what is 1 - -109?
110
In base 13, what is -1 + -36?
-37
In base 14, what is -48 - 83?
-cb
In base 10, what is 1 - 4?
-3
In base 16, what is a6 + -1?
a5
In base 16, what is 44 - 6?
3e
In base 16, what is -9d + -5f?
-fc
In base 15, what is 1 - 105?
-104
In base 16, what is -c + 62?
56
In base 4, what is 32302331 - -11?
32303002
In base 5, what is -10 + 130?
120
In base 16, what is 5 + b3?
b8
In base 6, what is 41 + -50?
-5
In base 8, what is -4 + 11?
5
In base 12, what is -18 + 18?
0
In base 7, what is -5 + -415?
-423
In base 5, what is -420 - -10?
-410
In base 7, what is -116 + 30?
-56
In base 15, what is -38 + -1?
-39
In base 16, what is -df - -1?